, 117 = 4*d - 5*q. What is the remainder when 108 is divided by d?
24
Let v = -4 - -1. Let y(j) = j**3 + 5*j**2 + 4*j + 2. Let c be y(v). Let g(z) = z**3 - 7*z**2 + 3. Calculate the remainder when g(c) is divided by 17.
16
Let t(z) = -745*z + 6414. What is the remainder when 1376 is divided by t(8)?
14
Let d = 10224 - 10098. What is the remainder when d is divided by 44?
38
Let z = 15689 + -15675. What is the remainder when 47 is divided by z?
5
Let q = 3751 - 3630. What is the remainder when 430 is divided by q?
67
What is the remainder when 302 is divided by ((-28)/(-126)*6)/((-4)/(-318))?
90
Let x(l) = 19*l + 51 - l**2 - 33 - 40. What is the remainder when 17 is divided by x(17)?
5
Let h be 48/26 + 1/(13/2). Calculate the remainder when -8 + 11 - (h - 20*4) is divided by 23.
12
Suppose -8*n + 53 + 403 = 0. What is the remainder when 455 is divided by n?
56
Suppose -2*x + 27 = 11*v - 12*v, -3*v + 10 = x. Calculate the remainder when 931 is divided by x.
8
Let g = -5095 - -5145. Let a(d) be the second derivative of d**3/6 + 9*d**2 + 2*d. What is the remainder when g is divided by a(0)?
14
Let m = -20831 + 21690. What is the remainder when m is divided by 218?
205
Let r(g) = 11*g**2 + 2*g**3 + 11*g + 3*g**2 + 11 - 6 + 0. What is the remainder when 28 is divided by r(-6)?
6
Suppose -23*z + 741 = 5*d - 21*z, -d - 3*z = -156. Let f = 16 + d. Calculate the remainder when f is divided by 41.
40
Let p(h) = 5*h + 44. Let k be p(16). Let f = 64 - k. Let n = f - -71. Calculate the remainder when 61 is divided by n.
6
Let d(o) = o**2 - 5*o - 4. Let j be d(6). Let t be 1*(j - 45*-3). Let n = 151 - t. What is the remainder when 54 is divided by n?
12
Suppose 922 = -18*g + 9436. What is the remainder when g is divided by 25?
23
Let u be (-258)/(-7) + -8 - (-2)/14. Suppose 9 = 3*n, 30*r - u*r = 5*n + 11. What is the remainder when 75 is divided by r?
23
Let r(y) = y**3 - 10*y**2 + 7*y + 8. Let g be r(9). Let i(k) = -58*k - 412. Calculate the remainder when i(g) is divided by 44.
36
Calculate the remainder when (-483741)/885*(-1)/((-1)/10*-6) is divided by 99.
20
Suppose -66 = -7*b - 17. Suppose 4*s - 752 = 2*l, -4*s + 5*l - 590 = -b*s. Calculate the remainder when s is divided by 24.
22
Suppose -210 = -15*p + 2670. What is the remainder when p is divided by 15?
12
Let i = 1058 + -1046. Calculate the remainder when i is divided by 4.
0
Suppose -4*l - 31*d = -33*d - 788, 0 = 5*d - 20. What is the remainder when 2784 is divided by l?
197
Let k = 87197 + -87190. Suppose -3*s + 10*i - 5*i + 142 = 0, -i + 4 = 0. What is the remainder when s is divided by k?
5
Let d = -87 - -713. Suppose 718 = 21*m - d. Calculate the remainder when 316 is divided by m.
60
Let a(u) be the second derivative of -u**4/12 + 31*u**3/6 - 51*u**2/2 - 38*u - 1. Let d be a(25). Let n = d + -69. What is the remainder when n is divided by 7?
2
Suppose 0 = 1687*b - 1679*b - 328. Calculate the remainder when 2211 is divided by b.
38
Let g(r) = r**3 - 35*r + 10. Suppose 5*w + 3*f + 24 = 8, 0 = -w - 3*f + 4. What is the remainder when 233 is divided by g(w)?
53
Suppose -394 = -15*v + 551. Let m = -83 + v. Calculate the remainder when 18 is divided by -2 + (1 - -1) + (-240)/m.
6
Let x be (-1)/(-5) + (-58)/(-10). Let m(y) = 4*y**2 - 206*y + 123. What is the remainder when m(51) is divided by 32/48 - (-74)/x?
8
Suppose 18*i = 6274 + 458. What is the remainder when i is divided by 29?
26
Let l(u) = u. Suppose 0 = -5*v - 5*j - 20, -j + 23 = 3*v - 5*j. Let t be l(v). Calculate the remainder when (-22)/(-10) + t/(-5) + 30 is divided by 17.
15
Suppose 0 = 231*a - 218*a - 28301. What is the remainder when a is divided by 23?
15
What is the remainder when 60 is divided by (20 - 6) + 7 + 3?
12
Suppose -4*q = -5*l + 196, 11*l + 30*q - 35*q - 454 = 0. Calculate the remainder when 334 is divided by l.
26
Suppose -4*x = 10*j - 6*j - 504, -2*x + 258 = -j. Calculate the remainder when 360 is divided by x.
104
Suppose y + 5*h = -3, 3*y - 145 = -h - 84. What is the remainder when 1626 is divided by y?
20
Suppose -3*d - 5 - 7 = 0, 0 = -c + d + 19. What is the remainder when 28/(-5)*(221/(-26) - 9) is divided by c?
8
Let h be (48/(-4))/(-4) - 5. Let v be h + (97 - 1 - -2). Suppose -6*m = -54 - v. What is the remainder when 47 is divided by m?
22
Let x = -67 - -156. Let p = -84 + x. Suppose 0 = -4*l - 0*b - p*b + 195, 0 = -2*l + 4*b + 78. What is the remainder when l is divided by 6?
3
Let w(f) = -564*f**3 - f**2 - 7. What is the remainder when w(-2) is divided by 79?
77
Suppose 0*k + 9 = 3*k. Let u = 6 - k. What is the remainder when u is divided by (((-39)/13)/(-3))/((-1)/(-2))?
1
Let w = 48 - 46. Suppose w*c = 3*o + 116 - 11, -3*o = -5*c + 258. Calculate the remainder when c is divided by 15.
6
What is the remainder when 6262 is divided by ((-2)/(-6) - 1)/(170/(-2295))?
7
Let u(g) = -120*g - 1914. Calculate the remainder when u(-16) is divided by 3.
0
Suppose 5*y = 5*p - 1355, -5*p + 2108 - 747 = -2*y. Suppose 14*x - 17*x = -p. Suppose 0 = 7*g - x - 7. Calculate the remainder when 35 is divided by g.
7
Let o = 35 - 1. Let f(n) = n**2 - n + 3. Let t be f(0). What is the remainder when o is divided by ((-2)/t)/(-3 + 159/54)?
10
Let n be (65/26)/((-1)/4*-1). Let w be (-4)/(8/(-90)) - -3. Suppose -12*g + w = -n*g. What is the remainder when 68 is divided by g?
20
What is the remainder when 1595 is divided by 7063/9 + (-7084)/198 + 36?
25
Suppose 2*k - 371 = k. Calculate the remainder when k is divided by 1198806/38617 + 2/(-46).
30
Let b = -1826 + 1903. Calculate the remainder when 373 is divided by b.
65
Let w = 14930 - 14910. What is the remainder when 375 is divided by w?
15
Let f = -102 + 101. Calculate the remainder when (15/5)/((-1 + 0)/f) is divided by 2.
1
Let q(a) = -5*a + 3. What is the remainder when (90/200*36)/((-6)/(-20)) is divided by q(-6)?
21
Let d = -1262 - -1807. What is the remainder when d is divided by 39?
38
Let p be (5*-1)/(95/(-38)). Suppose p*k = -6 + 96. Calculate the remainder when k is divided by 25.
20
Suppose 0 = 5*q + 5*f - 1535, -2*f = 4*q - 1227 - 11. What is the remainder when q is divided by 3?
0
Suppose 0 = 144*u - 2690 - 4078. Calculate the remainder when u is divided by 15.
2
Let i(b) = -128*b + 771. Calculate the remainder when 675 is divided by i(5).
20
Let k(c) = -55*c**2 + 3*c - 10. Let o(j) = -111*j**2 + 7*j - 21. Let x(w) = -9*k(w) + 4*o(w). What is the remainder when x(-3) is divided by 58?
56
Suppose 4*c + 43 = 3*a + 197, -c + 3*a = -43. Calculate the remainder when c is divided by 15.
7
What is the remainder when 8 + -11 + -1 - (-267 + -2 + -3) is divided by 37?
9
Let f(m) = -4*m + 25. Let o be f(8). Let d(n) = -n**2 - 12*n + 4. Let h be d(o). Suppose -c - 16 + h = 0. Calculate the remainder when 64 is divided by c.
18
Suppose -10*w + 15*w + 5*s - 25 = 0, -3*w + 5*s = 1. Suppose 0 = 2*o - 2*i - 1556, -7*i = -w*i. What is the remainder when o is divided by 41?
40
Suppose -17*f + 34*f = 62424. Suppose 0 = -13*x + 5*x + f. What is the remainder when x is divided by 21?
18
Suppose -s + 4 = -0*s - w, 4*w = 2*s - 6. Suppose y - 17 = -2*y - s*c, 4*c - 14 = -2*y. Calculate the remainder when 118 is divided by (0 - 5/(-2))/(y/(-16)).
38
Suppose -8 = 5*y - 18. Calculate the remainder when (9 + y)/(30/90) is divided by 13.
7
Let a(t) = -2*t**2. Let x be a(0). Suppose 16*j = -x*j + 384. Suppose 32 = 4*b - 4*i, -3*b + 0*i - i + j = 0. What is the remainder when 29 is divided by b?
5
Let d be 9 - 3 - -7 - 3. Let r(z) be the first derivative of 5*z**2/2 - 20*z + 2. What is the remainder when r(d) is divided by 11?
8
Let j(y) = 5 - 86*y + 5 + 83*y. Calculate the remainder when j(-9) is divided by 4*15/8*((-9)/5 + 3).
1
Let k(n) = -33*n**3 - 2*n**2 + 2*n - 2. What is the remainder when k(-2) is divided by 36?
34
Suppose 0 = -13*g + 10475 - 10384. What is the remainder when 4024 is divided by g?
6
Suppose 7*b - 2113 + 1406 = 0. Calculate the remainder when 3128 is divided by b.
98
Let u(q) = 19*q + 15. Let z be u(-4). Let h = z - -76. Suppose h*b - 48 = 14*b. What is the remainder when b is divided by 10?
8
Calculate the remainder when 326 is divided by 9 + -7 + -8 + (162 - 2).
18
Let y = 47 + -83. Let s be 18/(-5) + (-58)/145. What is the remainder when -2*s/(-8) - y is divided by 10